{"id":64,"date":"2026-03-03T11:54:16","date_gmt":"2026-03-03T14:54:16","guid":{"rendered":"https:\/\/difusoranews.com\/novo\/?page_id=64"},"modified":"2026-04-05T19:42:06","modified_gmt":"2026-04-05T22:42:06","slug":"institucional","status":"publish","type":"page","link":"https:\/\/difusoranews.com\/novo\/institucional\/","title":{"rendered":"Institucional"},"content":{"rendered":"\t\t<div data-elementor-type=\"wp-page\" data-elementor-id=\"64\" class=\"elementor elementor-64\" data-elementor-post-type=\"page\">\n\t\t\t\t<div class=\"elementor-element elementor-element-21c1f5f elementor-hidden-desktop elementor-hidden-tablet e-flex e-con-boxed e-con e-parent\" data-id=\"21c1f5f\" data-element_type=\"container\" data-e-type=\"container\">\n\t\t\t\t\t<div class=\"e-con-inner\">\n\t\t<div class=\"elementor-element elementor-element-60af98f e-con-full e-flex e-con e-child\" data-id=\"60af98f\" data-element_type=\"container\" data-e-type=\"container\">\n\t\t<div class=\"elementor-element elementor-element-44c0b15 e-con-full e-flex e-con e-child\" data-id=\"44c0b15\" data-element_type=\"container\" data-e-type=\"container\">\n\t\t<div class=\"elementor-element elementor-element-6131154 e-con-full e-flex e-con e-child\" data-id=\"6131154\" data-element_type=\"container\" data-e-type=\"container\" data-settings=\"{&quot;background_background&quot;:&quot;classic&quot;}\">\n\t\t\t\t<div class=\"elementor-element elementor-element-85e97e4 elementor-widget elementor-widget-hfe-breadcrumbs-widget\" data-id=\"85e97e4\" data-element_type=\"widget\" data-e-type=\"widget\" data-widget_type=\"hfe-breadcrumbs-widget.default\">\n\t\t\t\t<div class=\"elementor-widget-container\">\n\t\t\t\t\t<nav aria-label=\"Breadcrumb\"><ul class=\"hfe-breadcrumbs hfe-breadcrumbs-show-home\"><li class=\"hfe-breadcrumbs-item hfe-breadcrumbs-first\"><span class=\"hfe-breadcrumbs-home-icon\"><\/span><a href=\"https:\/\/difusoranews.com\/novo\"><span class=\"hfe-breadcrumbs-text\">Home<\/span><\/a><\/li><\/ul><\/nav>\t\t\t\t<\/div>\n\t\t\t\t<\/div>\n\t\t\t\t<div class=\"elementor-element elementor-element-9b217b1 elementor-widget elementor-widget-heading\" data-id=\"9b217b1\" data-element_type=\"widget\" data-e-type=\"widget\" data-widget_type=\"heading.default\">\n\t\t\t\t\t<h2 class=\"elementor-heading-title elementor-size-default\">Grupo Difusora: Quem somos?<\/h2>\t\t\t\t<\/div>\n\t\t\t\t<div class=\"elementor-element elementor-element-5cac56e elementor-widget elementor-widget-text-editor\" data-id=\"5cac56e\" data-element_type=\"widget\" data-e-type=\"widget\" data-widget_type=\"text-editor.default\">\n\t\t\t\t\t\t\t\t\t<p><b>Onde o Maranh\u00e3o se encontra <\/b><\/p><p><span style=\"font-weight: 400;\">O Grupo Difusora de Comunica\u00e7\u00e3o \u00e9 uma das estruturas de m\u00eddia mais tradicionais do Maranh\u00e3o e ocupa, h\u00e1 d\u00e9cadas, um lugar de relev\u00e2ncia na vida p\u00fablica, cultural e informativa do estado. A sua trajet\u00f3ria come\u00e7a com a R\u00e1dio Difusora AM, fundada em 29 de outubro de 1955, e ganha um novo marco com a cria\u00e7\u00e3o da TV Difusora, em 9 de novembro de 1963, sendo a primeira emissora de televis\u00e3o do Maranh\u00e3o.\u00a0<\/span><\/p><p><span style=\"font-weight: 400;\">Atualmente o Grupo Difusora \u00e9 formado por um conjunto de ve\u00edculos de comunica\u00e7\u00e3o e repetidoras espalhadas por todo o estado, tendo constru\u00eddo assim um patrim\u00f4nio de comunica\u00e7\u00e3o que posiciona o conglomerado midi\u00e1tico como o maior grupo de Comunica\u00e7\u00e3o do Maranh\u00e3o.\u00a0<\/span><\/p><p><span style=\"font-weight: 400;\">Sua for\u00e7a, capilaridade, somada a sua import\u00e2ncia hist\u00f3rica e cultural faz com que a hist\u00f3ria do Grupo\u00a0 se confunda com a pr\u00f3pria moderniza\u00e7\u00e3o dos meios no estado, tendo sido respons\u00e1vel pela cobertura de acontecimentos que marcaram \u00e9pocas e com a perman\u00eancia de uma marca que atravessa gera\u00e7\u00f5es. Uma longevidade que n\u00e3o se explica apenas pelo tempo, e que se sustenta pela sua capacidade de permanecer presente, de acompanhar as transforma\u00e7\u00f5es do Maranh\u00e3o e de seguir relevante em diferentes contextos de consumo de m\u00eddia.<\/span><\/p><p><b>O Portal Difusora News<\/b><\/p><p><span style=\"font-weight: 400;\">A presen\u00e7a digital do Grupo \u00e9 resultado de uma constru\u00e7\u00e3o que vem sendo desenvolvida h\u00e1 cerca de uma d\u00e9cada. Esse percurso resultou na consolida\u00e7\u00e3o do Portal Difusora News, que passou a operar em 2024, ap\u00f3s a transi\u00e7\u00e3o do Difusora On para uma nova marca e uma nova estrutura editorial, em um movimento de integra\u00e7\u00e3o com os demais ve\u00edculos do grupo<\/span><\/p><p><span style=\"font-weight: 400;\">Respons\u00e1vel por traduzir a experi\u00eancia Difusora no ambiente digital, o Portal Difusora News amplia o alcance da informa\u00e7\u00e3o, garante atualiza\u00e7\u00e3o em tempo real e organiza o conte\u00fado a partir de uma l\u00f3gica pensada para quem circula entre telas, plataformas e formatos ao longo do dia.\u00a0<\/span><\/p><p><span style=\"font-weight: 400;\">Conta com uma opera\u00e7\u00e3o que se sustenta em pilares como agilidade para entregar o que \u00e9 urgente, profundidade quando o tema exige contexto, e uma produ\u00e7\u00e3o multiplataforma que articula texto, \u00e1udio, v\u00eddeo e recursos visuais. Tudo isso integrado de forma direta \u00e0 TV, ao r\u00e1dio e \u00e0s redes sociais, criando continuidade e refor\u00e7o de presen\u00e7a em cada ponto de contato.<\/span><\/p><p><span style=\"font-weight: 400;\">A for\u00e7a digital tamb\u00e9m se expressa na rela\u00e7\u00e3o com a audi\u00eancia. Os canais do portal, especialmente no Instagram, onde j\u00e1 re\u00fane mais de 130 mil seguidores, ajudam a dimensionar esse alcance. Ao todo, s\u00e3o mais de 10 milh\u00f5es de pessoas impactadas por conte\u00fados informativos produzidos com clareza, consist\u00eancia e credibilidade.<\/span><\/p><p><span style=\"font-weight: 400;\">O perfil do p\u00fablico revela uma audi\u00eancia diversa e representativa. As mulheres correspondem a cerca de 60% dos usu\u00e1rios, indicando forte ader\u00eancia a conte\u00fados que dialogam com a rotina, servi\u00e7o e informa\u00e7\u00e3o qualificada. A faixa et\u00e1ria \u00e9 ampla, entre 18 e 65 anos, com maior concentra\u00e7\u00e3o entre 35 e 44 anos, seguida pelo p\u00fablico de 25 a 34 anos.<\/span><\/p><p><b>TV Difusora\u00a0<\/b><\/p><p><span style=\"font-weight: 400;\">A TV Difusora ocupa um lugar singular na hist\u00f3ria do Maranh\u00e3o. Fundada em 1963, ela foi a primeira TV do Maranh\u00e3o e se tornou uma refer\u00eancia hist\u00f3rica no desenvolvimento da comunica\u00e7\u00e3o audiovisual no estado. O ve\u00edculo \u00e9 parte da mem\u00f3ria coletiva maranhense, testemunha de transforma\u00e7\u00f5es sociais, pol\u00edticas e culturais, al\u00e9m de protagonista de coberturas que ajudaram a registrar momentos decisivos da hist\u00f3ria local. Um hist\u00f3rico que lhe confere um car\u00e1ter inequ\u00edvoco de patrim\u00f4nio hist\u00f3rico e cultural do Maranh\u00e3o.<\/span><\/p><p><span style=\"font-weight: 400;\">Ao mesmo tempo, a emissora segue em movimento. Sua for\u00e7a est\u00e1 em unir legado e atualidade, preservando o valor simb\u00f3lico de uma marca hist\u00f3rica enquanto atualiza linguagem, programa\u00e7\u00e3o e posicionamento editorial. Com forte presen\u00e7a do jornalismo, da presta\u00e7\u00e3o de servi\u00e7o, do entretenimento e da cobertura dos fatos que atravessam o cotidiano maranhense, a TV Difusora mant\u00e9m uma rela\u00e7\u00e3o de proximidade com o p\u00fablico e reafirma seu papel como ve\u00edculo de relev\u00e2ncia p\u00fablica e conex\u00e3o regional.<\/span><\/p><p><b>Quem ouve r\u00e1dio, escolhe a Difusora\u00a0<\/b><\/p><p><span style=\"font-weight: 400;\">No r\u00e1dio, o Grupo Difusora amplia essa conex\u00e3o. A Difusora FM S\u00e3o Lu\u00eds, fundada em 1979, foi a primeira emissora FM do Maranh\u00e3o e construiu ao longo do tempo uma rela\u00e7\u00e3o direta com o p\u00fablico da Grande S\u00e3o Lu\u00eds, tornando-se uma refer\u00eancia de audi\u00eancia e presen\u00e7a cotidiana. Sua programa\u00e7\u00e3o popular, ancorada nos grandes sucessos musicais, no carisma dos locutores e na linguagem pr\u00f3xima do ouvinte, faz da emissora uma marca fortemente associada \u00e0 companhia, ao h\u00e1bito e \u00e0 identifica\u00e7\u00e3o.<\/span><\/p><p><span style=\"font-weight: 400;\">Al\u00e9m da atua\u00e7\u00e3o na capital, o grupo conta com emissoras que operam em Caxias e na Regi\u00e3o Tocantina, respeitando as particularidades de cada territ\u00f3rio. Essa presen\u00e7a regional refor\u00e7a um dos tra\u00e7os centrais da Difusora: a capacidade de falar com diferentes p\u00fablicos sem perder unidade de marca. No r\u00e1dio, essa l\u00f3gica se expressa em uma opera\u00e7\u00e3o que valoriza o repert\u00f3rio popular, a presta\u00e7\u00e3o de servi\u00e7o e a presen\u00e7a humana, mantendo a comunica\u00e7\u00e3o viva, pr\u00f3xima e integrada ao cotidiano de quem ouve.<\/span><\/p>\t\t\t\t\t\t\t\t<\/div>\n\t\t\t\t<div class=\"elementor-element elementor-element-241ee9d elementor-widget elementor-widget-shortcode\" data-id=\"241ee9d\" data-element_type=\"widget\" data-e-type=\"widget\" data-widget_type=\"shortcode.default\">\n\t\t\t\t\t\t\t<div class=\"elementor-shortcode\"><div class=\"g g-1\"><div class=\"g-single a-3\"><a href=\"https:\/\/www.cvc.com.br\/lp\/promocoes\"><img decoding=\"async\" src=\"https:\/\/difusoranews.com\/novo\/wp-content\/uploads\/2026\/03\/BANNER-1280X300.png\" \/><\/a><\/div><\/div><\/div>\n\t\t\t\t\t\t<\/div>\n\t\t<a class=\"eael-wrapper-link-6e84d8d --eael-wrapper-link-tag\" href=\"https:\/\/difusoranews.com\/novo\/\"><\/a><div data-eael-wrapper-link=\"eael-wrapper-link-6e84d8d\" class=\"elementor-element elementor-element-6e84d8d e-con-full e-flex e-con e-child\" data-id=\"6e84d8d\" data-element_type=\"container\" data-e-type=\"container\">\n\t\t\t\t<div class=\"elementor-element elementor-element-b7086bb elementor-view-default elementor-widget elementor-widget-icon\" data-id=\"b7086bb\" data-element_type=\"widget\" data-e-type=\"widget\" data-widget_type=\"icon.default\">\n\t\t\t\t\t\t\t<div class=\"elementor-icon-wrapper\">\n\t\t\t<div class=\"elementor-icon\">\n\t\t\t<svg aria-hidden=\"true\" class=\"e-font-icon-svg e-fas-long-arrow-alt-left\" viewBox=\"0 0 448 512\" xmlns=\"http:\/\/www.w3.org\/2000\/svg\"><path d=\"M134.059 296H436c6.627 0 12-5.373 12-12v-56c0-6.627-5.373-12-12-12H134.059v-46.059c0-21.382-25.851-32.09-40.971-16.971L7.029 239.029c-9.373 9.373-9.373 24.569 0 33.941l86.059 86.059c15.119 15.119 40.971 4.411 40.971-16.971V296z\"><\/path><\/svg>\t\t\t<\/div>\n\t\t<\/div>\n\t\t\t\t\t\t<\/div>\n\t\t\t\t<div class=\"elementor-element elementor-element-3b40b0b elementor-widget elementor-widget-heading\" data-id=\"3b40b0b\" data-element_type=\"widget\" data-e-type=\"widget\" data-widget_type=\"heading.default\">\n\t\t\t\t\t<h2 class=\"elementor-heading-title elementor-size-default\">Voltar para o In\u00edcio<\/h2>\t\t\t\t<\/div>\n\t\t\t\t<\/div>\n\t\t\t\t<\/div>\n\t\t\t\t<\/div>\n\t\t\t\t<\/div>\n\t\t\t\t\t<\/div>\n\t\t\t\t<\/div>\n\t\t<div class=\"elementor-element elementor-element-ce3a81e elementor-hidden-mobile e-flex e-con-boxed e-con e-parent\" data-id=\"ce3a81e\" data-element_type=\"container\" data-e-type=\"container\">\n\t\t\t\t\t<div class=\"e-con-inner\">\n\t\t<div class=\"elementor-element elementor-element-bed8825 e-con-full e-flex e-con e-child\" data-id=\"bed8825\" data-element_type=\"container\" data-e-type=\"container\">\n\t\t\t\t<div class=\"elementor-element elementor-element-ae13f98 elementor-widget elementor-widget-hfe-breadcrumbs-widget\" data-id=\"ae13f98\" data-element_type=\"widget\" data-e-type=\"widget\" data-widget_type=\"hfe-breadcrumbs-widget.default\">\n\t\t\t\t<div class=\"elementor-widget-container\">\n\t\t\t\t\t<nav aria-label=\"Breadcrumb\"><ul class=\"hfe-breadcrumbs hfe-breadcrumbs-show-home\"><li class=\"hfe-breadcrumbs-item hfe-breadcrumbs-first\"><span class=\"hfe-breadcrumbs-home-icon\"><\/span><a href=\"https:\/\/difusoranews.com\/novo\"><span class=\"hfe-breadcrumbs-text\">Home<\/span><\/a><\/li><\/ul><\/nav>\t\t\t\t<\/div>\n\t\t\t\t<\/div>\n\t\t\t\t<div class=\"elementor-element elementor-element-39aaac6 elementor-widget elementor-widget-heading\" data-id=\"39aaac6\" data-element_type=\"widget\" data-e-type=\"widget\" data-widget_type=\"heading.default\">\n\t\t\t\t\t<h2 class=\"elementor-heading-title elementor-size-default\">Grupo Difusora: Quem somos?<\/h2>\t\t\t\t<\/div>\n\t\t\t\t<div class=\"elementor-element elementor-element-c1b40a6 elementor-widget elementor-widget-text-editor\" data-id=\"c1b40a6\" data-element_type=\"widget\" data-e-type=\"widget\" data-widget_type=\"text-editor.default\">\n\t\t\t\t\t\t\t\t\t<p><b>Onde o Maranh\u00e3o se encontra <\/b><\/p><p><span style=\"font-weight: 400;\">O Grupo Difusora de Comunica\u00e7\u00e3o \u00e9 uma das estruturas de m\u00eddia mais tradicionais do Maranh\u00e3o e ocupa, h\u00e1 d\u00e9cadas, um lugar de relev\u00e2ncia na vida p\u00fablica, cultural e informativa do estado. A sua trajet\u00f3ria come\u00e7a com a R\u00e1dio Difusora AM, fundada em 29 de outubro de 1955, e ganha um novo marco com a cria\u00e7\u00e3o da TV Difusora, em 9 de novembro de 1963, sendo a primeira emissora de televis\u00e3o do Maranh\u00e3o.\u00a0<\/span><\/p><p><span style=\"font-weight: 400;\">Atualmente o Grupo Difusora \u00e9 formado por um conjunto de ve\u00edculos de comunica\u00e7\u00e3o e repetidoras espalhadas por todo o estado, tendo constru\u00eddo assim um patrim\u00f4nio de comunica\u00e7\u00e3o que posiciona o conglomerado midi\u00e1tico como o maior grupo de Comunica\u00e7\u00e3o do Maranh\u00e3o.\u00a0<\/span><\/p><p><span style=\"font-weight: 400;\">Sua for\u00e7a, capilaridade, somada a sua import\u00e2ncia hist\u00f3rica e cultural faz com que a hist\u00f3ria do Grupo\u00a0 se confunda com a pr\u00f3pria moderniza\u00e7\u00e3o dos meios no estado, tendo sido respons\u00e1vel pela cobertura de acontecimentos que marcaram \u00e9pocas e com a perman\u00eancia de uma marca que atravessa gera\u00e7\u00f5es. Uma longevidade que n\u00e3o se explica apenas pelo tempo, e que se sustenta pela sua capacidade de permanecer presente, de acompanhar as transforma\u00e7\u00f5es do Maranh\u00e3o e de seguir relevante em diferentes contextos de consumo de m\u00eddia.<\/span><\/p><p><b>O Portal Difusora News<\/b><\/p><p><span style=\"font-weight: 400;\">A presen\u00e7a digital do Grupo \u00e9 resultado de uma constru\u00e7\u00e3o que vem sendo desenvolvida h\u00e1 cerca de uma d\u00e9cada. Esse percurso resultou na consolida\u00e7\u00e3o do Portal Difusora News, que passou a operar em 2024, ap\u00f3s a transi\u00e7\u00e3o do Difusora On para uma nova marca e uma nova estrutura editorial, em um movimento de integra\u00e7\u00e3o com os demais ve\u00edculos do grupo<\/span><\/p><p><span style=\"font-weight: 400;\">Respons\u00e1vel por traduzir a experi\u00eancia Difusora no ambiente digital, o Portal Difusora News amplia o alcance da informa\u00e7\u00e3o, garante atualiza\u00e7\u00e3o em tempo real e organiza o conte\u00fado a partir de uma l\u00f3gica pensada para quem circula entre telas, plataformas e formatos ao longo do dia.\u00a0<\/span><\/p><p><span style=\"font-weight: 400;\">Conta com uma opera\u00e7\u00e3o que se sustenta em pilares como agilidade para entregar o que \u00e9 urgente, profundidade quando o tema exige contexto, e uma produ\u00e7\u00e3o multiplataforma que articula texto, \u00e1udio, v\u00eddeo e recursos visuais. Tudo isso integrado de forma direta \u00e0 TV, ao r\u00e1dio e \u00e0s redes sociais, criando continuidade e refor\u00e7o de presen\u00e7a em cada ponto de contato.<\/span><\/p><p><span style=\"font-weight: 400;\">A for\u00e7a digital tamb\u00e9m se expressa na rela\u00e7\u00e3o com a audi\u00eancia. Os canais do portal, especialmente no Instagram, onde j\u00e1 re\u00fane mais de 130 mil seguidores, ajudam a dimensionar esse alcance. Ao todo, s\u00e3o mais de 10 milh\u00f5es de pessoas impactadas por conte\u00fados informativos produzidos com clareza, consist\u00eancia e credibilidade.<\/span><\/p><p><span style=\"font-weight: 400;\">O perfil do p\u00fablico revela uma audi\u00eancia diversa e representativa. As mulheres correspondem a cerca de 60% dos usu\u00e1rios, indicando forte ader\u00eancia a conte\u00fados que dialogam com a rotina, servi\u00e7o e informa\u00e7\u00e3o qualificada. A faixa et\u00e1ria \u00e9 ampla, entre 18 e 65 anos, com maior concentra\u00e7\u00e3o entre 35 e 44 anos, seguida pelo p\u00fablico de 25 a 34 anos.<\/span><\/p><p><b>TV Difusora\u00a0<\/b><\/p><p><span style=\"font-weight: 400;\">A TV Difusora ocupa um lugar singular na hist\u00f3ria do Maranh\u00e3o. Fundada em 1963, ela foi a primeira TV do Maranh\u00e3o e se tornou uma refer\u00eancia hist\u00f3rica no desenvolvimento da comunica\u00e7\u00e3o audiovisual no estado. O ve\u00edculo \u00e9 parte da mem\u00f3ria coletiva maranhense, testemunha de transforma\u00e7\u00f5es sociais, pol\u00edticas e culturais, al\u00e9m de protagonista de coberturas que ajudaram a registrar momentos decisivos da hist\u00f3ria local. Um hist\u00f3rico que lhe confere um car\u00e1ter inequ\u00edvoco de patrim\u00f4nio hist\u00f3rico e cultural do Maranh\u00e3o.<\/span><\/p><p><span style=\"font-weight: 400;\">Ao mesmo tempo, a emissora segue em movimento. Sua for\u00e7a est\u00e1 em unir legado e atualidade, preservando o valor simb\u00f3lico de uma marca hist\u00f3rica enquanto atualiza linguagem, programa\u00e7\u00e3o e posicionamento editorial. Com forte presen\u00e7a do jornalismo, da presta\u00e7\u00e3o de servi\u00e7o, do entretenimento e da cobertura dos fatos que atravessam o cotidiano maranhense, a TV Difusora mant\u00e9m uma rela\u00e7\u00e3o de proximidade com o p\u00fablico e reafirma seu papel como ve\u00edculo de relev\u00e2ncia p\u00fablica e conex\u00e3o regional.<\/span><\/p><p><b>Quem ouve r\u00e1dio, escolhe a Difusora\u00a0<\/b><\/p><p><span style=\"font-weight: 400;\">No r\u00e1dio, o Grupo Difusora amplia essa conex\u00e3o. A Difusora FM S\u00e3o Lu\u00eds, fundada em 1979, foi a primeira emissora FM do Maranh\u00e3o e construiu ao longo do tempo uma rela\u00e7\u00e3o direta com o p\u00fablico da Grande S\u00e3o Lu\u00eds, tornando-se uma refer\u00eancia de audi\u00eancia e presen\u00e7a cotidiana. Sua programa\u00e7\u00e3o popular, ancorada nos grandes sucessos musicais, no carisma dos locutores e na linguagem pr\u00f3xima do ouvinte, faz da emissora uma marca fortemente associada \u00e0 companhia, ao h\u00e1bito e \u00e0 identifica\u00e7\u00e3o.<\/span><\/p><p><span style=\"font-weight: 400;\">Al\u00e9m da atua\u00e7\u00e3o na capital, o grupo conta com emissoras que operam em Caxias e na Regi\u00e3o Tocantina, respeitando as particularidades de cada territ\u00f3rio. Essa presen\u00e7a regional refor\u00e7a um dos tra\u00e7os centrais da Difusora: a capacidade de falar com diferentes p\u00fablicos sem perder unidade de marca. No r\u00e1dio, essa l\u00f3gica se expressa em uma opera\u00e7\u00e3o que valoriza o repert\u00f3rio popular, a presta\u00e7\u00e3o de servi\u00e7o e a presen\u00e7a humana, mantendo a comunica\u00e7\u00e3o viva, pr\u00f3xima e integrada ao cotidiano de quem ouve.<\/span><\/p>\t\t\t\t\t\t\t\t<\/div>\n\t\t\t\t<\/div>\n\t\t\t\t\t<\/div>\n\t\t\t\t<\/div>\n\t\t<div class=\"elementor-element elementor-element-0de476e elementor-hidden-mobile e-flex e-con-boxed e-con e-parent\" data-id=\"0de476e\" data-element_type=\"container\" data-e-type=\"container\">\n\t\t\t\t\t<div class=\"e-con-inner\">\n\t\t<div class=\"elementor-element elementor-element-8036e28 e-con-full e-flex e-con e-child\" data-id=\"8036e28\" data-element_type=\"container\" data-e-type=\"container\">\n\t\t\t\t<div class=\"elementor-element elementor-element-4758ce5 elementor-widget elementor-widget-shortcode\" data-id=\"4758ce5\" data-element_type=\"widget\" data-e-type=\"widget\" data-widget_type=\"shortcode.default\">\n\t\t\t\t\t\t\t<div class=\"elementor-shortcode\"><div class=\"g g-1\"><div class=\"g-single a-3\"><a href=\"https:\/\/www.cvc.com.br\/lp\/promocoes\"><img decoding=\"async\" src=\"https:\/\/difusoranews.com\/novo\/wp-content\/uploads\/2026\/03\/BANNER-1280X300.png\" \/><\/a><\/div><\/div><\/div>\n\t\t\t\t\t\t<\/div>\n\t\t\t\t<\/div>\n\t\t<a class=\"eael-wrapper-link-4e0dc88 --eael-wrapper-link-tag\" href=\"https:\/\/difusoranews.com\/novo\/\"><\/a><div data-eael-wrapper-link=\"eael-wrapper-link-4e0dc88\" class=\"elementor-element elementor-element-4e0dc88 e-con-full e-flex e-con e-child\" data-id=\"4e0dc88\" data-element_type=\"container\" data-e-type=\"container\">\n\t\t\t\t<div class=\"elementor-element elementor-element-f2c0b81 elementor-view-default elementor-widget elementor-widget-icon\" data-id=\"f2c0b81\" data-element_type=\"widget\" data-e-type=\"widget\" data-widget_type=\"icon.default\">\n\t\t\t\t\t\t\t<div class=\"elementor-icon-wrapper\">\n\t\t\t<div class=\"elementor-icon\">\n\t\t\t<svg aria-hidden=\"true\" class=\"e-font-icon-svg e-fas-long-arrow-alt-left\" viewBox=\"0 0 448 512\" xmlns=\"http:\/\/www.w3.org\/2000\/svg\"><path d=\"M134.059 296H436c6.627 0 12-5.373 12-12v-56c0-6.627-5.373-12-12-12H134.059v-46.059c0-21.382-25.851-32.09-40.971-16.971L7.029 239.029c-9.373 9.373-9.373 24.569 0 33.941l86.059 86.059c15.119 15.119 40.971 4.411 40.971-16.971V296z\"><\/path><\/svg>\t\t\t<\/div>\n\t\t<\/div>\n\t\t\t\t\t\t<\/div>\n\t\t\t\t<div class=\"elementor-element elementor-element-02091b7 elementor-widget elementor-widget-heading\" data-id=\"02091b7\" data-element_type=\"widget\" data-e-type=\"widget\" data-widget_type=\"heading.default\">\n\t\t\t\t\t<h2 class=\"elementor-heading-title elementor-size-default\">Voltar para o In\u00edcio<\/h2>\t\t\t\t<\/div>\n\t\t\t\t<\/div>\n\t\t\t\t\t<\/div>\n\t\t\t\t<\/div>\n\t\t\t\t<\/div>\n\t\t","protected":false},"excerpt":{"rendered":"<p>Home Grupo Difusora: Quem somos? Onde o Maranh\u00e3o se encontra O Grupo Difusora de Comunica\u00e7\u00e3o \u00e9 uma das estruturas de m\u00eddia mais tradicionais do Maranh\u00e3o e ocupa, h\u00e1 d\u00e9cadas, um [&hellip;]<\/p>\n","protected":false},"author":1,"featured_media":0,"parent":0,"menu_order":0,"comment_status":"closed","ping_status":"closed","template":"","meta":{"_acf_changed":false,"footnotes":""},"class_list":["post-64","page","type-page","status-publish","hentry"],"acf":[],"_links":{"self":[{"href":"https:\/\/difusoranews.com\/novo\/wp-json\/wp\/v2\/pages\/64","targetHints":{"allow":["GET"]}}],"collection":[{"href":"https:\/\/difusoranews.com\/novo\/wp-json\/wp\/v2\/pages"}],"about":[{"href":"https:\/\/difusoranews.com\/novo\/wp-json\/wp\/v2\/types\/page"}],"author":[{"embeddable":true,"href":"https:\/\/difusoranews.com\/novo\/wp-json\/wp\/v2\/users\/1"}],"replies":[{"embeddable":true,"href":"https:\/\/difusoranews.com\/novo\/wp-json\/wp\/v2\/comments?post=64"}],"version-history":[{"count":37,"href":"https:\/\/difusoranews.com\/novo\/wp-json\/wp\/v2\/pages\/64\/revisions"}],"predecessor-version":[{"id":529957,"href":"https:\/\/difusoranews.com\/novo\/wp-json\/wp\/v2\/pages\/64\/revisions\/529957"}],"wp:attachment":[{"href":"https:\/\/difusoranews.com\/novo\/wp-json\/wp\/v2\/media?parent=64"}],"curies":[{"name":"wp","href":"https:\/\/api.w.org\/{rel}","templated":true}]}}